{"id":130,"date":"2023-04-02T09:05:46","date_gmt":"2023-04-02T09:05:46","guid":{"rendered":"https:\/\/upra.si\/?page_id=130"},"modified":"2023-04-02T10:33:30","modified_gmt":"2023-04-02T10:33:30","slug":"pravilnik-o-zasebnosti","status":"publish","type":"page","link":"https:\/\/upra.si\/?page_id=130","title":{"rendered":"Pravilnik o zasebnosti"},"content":{"rendered":"\n<p>S tem pravilnikom se dolo\u010dajo postopki in ukrepi za zavarovanje osebnih podatkov vodenih v zbirkah osebnih podatkov, s katerimi upravlja\u00a0 Upravljanje Ba\u010dkonja, Miha Trs s.p. (v nadaljevanju: dru\u017eba).<\/p>\n\n\n\n<p>V zadevah, ki jih ne ureja ta pravilnik, se neposredno uporabljajo dolo\u010dbe Zakona o varstvu osebnih podatkov ter Splo\u0161na uredba o varstvu osebnih podatkov.<\/p>\n\n\n\n<h3 class=\"wp-block-heading\">Registracija in drugi podatki o ra\u010dunu<\/h3>\n\n\n\n<p>Ko se registrirate za uporabo na\u0161ih storitev, o vas zbiramo naslednje podatke: &nbsp;<\/p>\n\n\n\n<p>&#8211; \u010de se registrirate na na\u0161i spletni strani: ime, priimek in elektronski naslov, ter telefon, regijo in dr\u017eavo \u010de nam te podatke posredujete<\/p>\n\n\n\n<p>&#8211; podatke o va\u0161ih naro\u010dilih, vklju\u010dno z artikli, na\u010dinom pla\u010dila in \u0161tevilko ban\u010dnega ra\u010duna.<\/p>\n\n\n\n<p>&#8211; podatke o spletnih navadah, pridobivate podatke o artiklih in storitvah, povezavah, na katere klikate, podatke o napravah, s katerih dostopate do spleta, kot so IP naslov in z njim povezana lokacija, ID naprave, njeni tehni\u010dni parametri, kot je operacijski sistem, razli\u010dica, lo\u010dljivost zaslona, izbrani brskalnik in razli\u010dica le-tega ter podatke, pridobljene iz pi\u0161kotkov in podobnih tehnologij za prepoznavanje naprav;<\/p>\n\n\n\n<h3 class=\"wp-block-heading\">Namen zbiranja in obdelovanja va\u0161ih podatkov<\/h3>\n\n\n\n<p>Osebne podatke zbiramo in obdelujemo v skladu z namenom, za katerega ste nam jih posredovali.<\/p>\n\n\n\n<p>To je z namenom obve\u0161\u010danja na e-novice. Osebnih podatkov ne bomo uporabili za drug namen, ter zbiramo in obdelujemo va\u0161e osebne podatke na naslednjih pravnih podlagah:<\/p>\n\n\n\n<p>&#8211; zakon in pogodbeni odnosi,<\/p>\n\n\n\n<p>&#8211; privolitev posameznika in<\/p>\n\n\n\n<p>&#8211; zakoniti interes.<\/p>\n\n\n\n<h3 class=\"wp-block-heading\">Pravna podlaga za zbiranje in obdelavo osebnih podatkov<\/h3>\n\n\n\n<p>Podlage na katerih zbiramo va\u0161e osebne podatke:<\/p>\n\n\n\n<p>&#8211; va\u0161a izrecna privolitev \u2013 ob\u010dasno vas bomo morda zaprosili za privolitev za uporabo va\u0161ih osebnih podatkov za enega ali ve\u010d namenov.<\/p>\n\n\n\n<p>&#8211; ko je to potrebno za na\u0161e zakonite poslovne interese \u2013 uporaba va\u0161ih osebnih podatkov nam pomaga upravljati in izbolj\u0161evati na\u0161e poslovanje. Prav tako nam uporaba va\u0161ih osebnih podatkov omogo\u010da, da je na\u0161a komunikacija z vami bolj relevantna in prilagojena vam ter da je va\u0161a izku\u0161nja z na\u0161imi storitvami in izdelki u\u010dinkovita in uspe\u0161na.<\/p>\n\n\n\n<h3 class=\"wp-block-heading\">Shranjevanje osebnih podatkov<\/h3>\n\n\n\n<p>Osebne podatke, ki ste nam jih posredovali ob registraciji prijavi na e-novice, s sodelovanjem v nagradni igri ali z oddajo povpra\u0161evanja, hranimo do preklica. Soglasje za zbiranje in obdelavo osebnih podatkov lahko kadarkoli prekli\u010dete.<\/p>\n\n\n\n<p>Preklic soglasja ne vpliva na zakonitost zbiranja in obdelave podatkov pred preklicem soglasja. Vse ostale osebne podatke v okviru pogodbenega sodelovanja hranimo v skladu z veljavno zakonodajo. Osebne podatke hranimo v ra\u010dunalni\u0161ki obliki.<\/p>\n\n\n\n<p>Na\u0161i ra\u010dunalni\u0161ki sistemi so za\u0161\u010diteni s tehni\u010dnimi in organizacijskimi ukrepi, ki prepre\u010dujejo nenamerno ali nezakonito uni\u010denje, izgubo, spremembo ter nepoobla\u0161\u010deno razkritje ali dostop do va\u0161ih osebnih podatkov.<\/p>\n\n\n\n<p>Podatke, ki jih zbiramo, hranimo na varnih stre\u017enikih in jih hranimo tako dolgo, kot je potrebno za izpolnitev namena njihovega zbiranja ali pa do va\u0161ega preklica.<\/p>\n\n\n\n<p>Zaradi izpolnjevanja dolo\u010denih zakonov, obdelujemo va\u0161e podatke v skladu z zakoni:<\/p>\n\n\n\n<ul class=\"wp-block-list\">\n<li>Obligacijski zakonik (OZ),<\/li>\n\n\n\n<li>Zakon o varstvu potro\u0161nikov (ZVPot),<\/li>\n\n\n\n<li>Zakon o davku na dodano vrednost (ZDDV-1),<\/li>\n\n\n\n<li>Zakon o dav\u010dnem potrjevanju ra\u010dunov (ZDavPR),<\/li>\n\n\n\n<li>Zakon o ra\u010dunovodstvu(ZR),<\/li>\n\n\n\n<li>Zakon o elektronskih komunikacijah (ZEKom),<\/li>\n\n\n\n<li>Zakon o prepre\u010devanju pranja denarja in financiranju terorizma (ZPPDFT-1).<\/li>\n<\/ul>\n\n\n\n<p>V ta namen va\u0161e podatke (kontaktne podatke in podatke o naro\u010dilih), hranimo do vklju\u010dno 10 let.<\/p>\n\n\n\n<h3 class=\"wp-block-heading\">Posredovanje osebnih podatkov<\/h3>\n\n\n\n<p>Osebnih podatkov ne bomo posredovali tretjim osebam in jih ne bomo javno razkrili, razen izbranim pogodbenim partnerjem, katere prav tako zavezuje Splo\u0161na uredba o varstvu osebnih podatkov.<\/p>\n\n\n\n<p>Osebnih podatkov ne bomo posredovali v tretje dr\u017eave, ki niso \u010dlanice Evropske unije ali Evropskega gospodarskega prostora.<\/p>\n\n\n\n<p>Kot posameznik ste seznanjeni in sogla\u0161ate, da lahko ponudnik posamezna opravila v zvezi z va\u0161imi podatki zaupa drugim osebam (pogodbenim obdelovalcem).<\/p>\n\n\n\n<p>Pogodbeni obdelovalci lahko zaupane podatke obdelujejo izklju\u010dno v imenu ponudnika, v mejah ponudnikovega pooblastila:<\/p>\n\n\n\n<p>&#8211; ra\u010dunovodski servis in odvetni\u0161ke pisarne in drugi ponudniki pravnega svetovanja;<\/p>\n\n\n\n<p>&#8211; ponudniki obdelave podatkov in analitike;<\/p>\n\n\n\n<p>&#8211; vzdr\u017eevalci IT sistemov;&nbsp;<\/p>\n\n\n\n<p>&#8211; ponudniki po\u0161iljanja e-po\u0161tnih sporo\u010dil<\/p>\n\n\n\n<p>&#8211; ponudniki pla\u010dilnih sistemov, kot so PayPal in drugi;<\/p>\n\n\n\n<p>&#8211; ponudniki sistemov za upravljanje odnosov s kupci (npr. Microsoft);<\/p>\n\n\n\n<p>&#8211; ponudniki re\u0161itev za spletno ogla\u0161evanje (npr. Google, Facebook).<\/p>\n\n\n\n<h3 class=\"wp-block-heading\">Va\u0161e pravice<\/h3>\n\n\n\n<p>V skladu s Splo\u0161no uredbo o varstvu osebnih podatkov imate pravico do dostopa do podatkov, pravico do popravka podatkov, pravico do omejitve obdelave, pravico do izbrisa podatkov ter pravico do prenosljivosti podatkov, ki se nana\u0161ajo na vas.<\/p>\n\n\n\n<p>Katerokoli pravico po Splo\u0161ni uredbi o varstvu osebnih podatkov lahko kadarkoli pisno uveljavljate. Pri tem navedite va\u0161e ime, priimek ter elektronski naslov.<\/p>\n\n\n\n<p>Zahtevo lahko po\u0161ljete na elektronski naslov upravljanje@upra.si ali po po\u0161ti na naslov:<\/p>\n\n\n\n<p>Upravljanje Ba\u010dkonja, Miha Trs s.p.<\/p>\n\n\n\n<p>Prekomorskih brigad 2<\/p>\n\n\n\n<p>6230 Postojna<\/p>\n\n\n\n<h3 class=\"wp-block-heading\">Objava sprememb pravilnika<\/h3>\n\n\n\n<p>Vsaka sprememba na\u0161e politike o varovanju osebnih podatkov bo objavljena na spletnem mestu.<\/p>\n","protected":false},"excerpt":{"rendered":"<p>S tem pravilnikom se dolo\u010dajo postopki in ukrepi za zavarovanje osebnih podatkov vodenih v zbirkah osebnih podatkov, s katerimi upravlja\u00a0 Upravljanje Ba\u010dkonja, Miha Trs s.p. (v nadaljevanju: dru\u017eba). V zadevah, ki jih ne ureja ta pravilnik, se neposredno uporabljajo dolo\u010dbe Zakona o varstvu osebnih podatkov ter Splo\u0161na uredba o varstvu&#8230;<\/p>\n","protected":false},"author":1,"featured_media":0,"parent":0,"menu_order":5,"comment_status":"closed","ping_status":"closed","template":"","meta":{"footnotes":""},"class_list":["post-130","page","type-page","status-publish","hentry"],"_links":{"self":[{"href":"https:\/\/upra.si\/index.php?rest_route=\/wp\/v2\/pages\/130","targetHints":{"allow":["GET"]}}],"collection":[{"href":"https:\/\/upra.si\/index.php?rest_route=\/wp\/v2\/pages"}],"about":[{"href":"https:\/\/upra.si\/index.php?rest_route=\/wp\/v2\/types\/page"}],"author":[{"embeddable":true,"href":"https:\/\/upra.si\/index.php?rest_route=\/wp\/v2\/users\/1"}],"replies":[{"embeddable":true,"href":"https:\/\/upra.si\/index.php?rest_route=%2Fwp%2Fv2%2Fcomments&post=130"}],"version-history":[{"count":2,"href":"https:\/\/upra.si\/index.php?rest_route=\/wp\/v2\/pages\/130\/revisions"}],"predecessor-version":[{"id":134,"href":"https:\/\/upra.si\/index.php?rest_route=\/wp\/v2\/pages\/130\/revisions\/134"}],"wp:attachment":[{"href":"https:\/\/upra.si\/index.php?rest_route=%2Fwp%2Fv2%2Fmedia&parent=130"}],"curies":[{"name":"wp","href":"https:\/\/api.w.org\/{rel}","templated":true}]}}